lse
Is 4391581 composite?
True
Is 34626343 prime?
True
Is 11797901 a composite number?
False
Is 19442717 a prime number?
False
Is 475291397 a composite number?
True
Is 619369 composite?
True
Is 239953405 a composite number?
True
Is 2219513 composite?
False
Is 306429821 a composite number?
False
Is 20939329 prime?
True
Is 31931059 prime?
False
Is 234085 a composite number?
True
Is 9823963 a prime number?
False
Is 1483903 a prime number?
True
Is 18827759 prime?
True
Is 58133221 prime?
True
Is 113156921 prime?
True
Is 37282771 a prime number?
True
Is 3657827 a composite number?
False
Is 3584759 a composite number?
False
Is 233823145 a prime number?
False
Is 29464217 composite?
False
Is 565399 a prime number?
False
Is 21523443 a prime number?
False
Is 123715105 prime?
False
Is 196969 a composite number?
True
Is 48293051 composite?
False
Is 43778981 a composite number?
False
Is 94439119 a prime number?
True
Is 99301963 prime?
True
Is 993477791 a composite number?
False
Is 171012157 a composite number?
False
Is 10690177 a prime number?
True
Is 2374483 a composite number?
False
Is 87884083 prime?
False
Is 414994963 a composite number?
False
Is 26643423 prime?
False
Is 25750009 a composite number?
True
Is 10152173 a composite number?
False
Is 344986753 a composite number?
False
Is 1202143 composite?
True
Is 6678898 composite?
True
Is 3643 a prime number?
True
Is 311622959 a composite number?
False
Is 535333361 a composite number?
False
Is 41421397 prime?
False
Is 11501261 composite?
False
Is 70542611 a composite number?
True
Is 27413087 prime?
False
Is 16887931 prime?
True
Is 9502937 prime?
True
Is 26003767 prime?
True
Is 789491 prime?
True
Is 326388191 composite?
True
Is 24771953 prime?
False
Is 4779013 prime?
False
Is 6751487 a prime number?
True
Is 5491909 a composite number?
True
Is 4975253 prime?
True
Is 305959741 prime?
True
Is 138316127 a prime number?
False
Is 7938149 a composite number?
False
Is 301778683 prime?
True
Is 103114897 composite?
True
Is 45402527 a composite number?
True
Is 5045029 a prime number?
False
Is 288632143 prime?
False
Is 8133989 a prime number?
True
Is 2469314 prime?
False
Is 88895809 a prime number?
False
Is 81925619 a composite number?
False
Is 8217917 composite?
True
Is 30257363 a prime number?
False
Is 60665219 a composite number?
False
Is 7592729 a composite number?
False
Is 12605843 prime?
False
Is 236721647 prime?
False
Is 9921383 a composite number?
False
Is 16745033 composite?
False
Is 33522466 prime?
False
Is 445363 prime?
True
Is 1772977219 composite?
True
Is 86994917 a prime number?
True
Is 109958663 a prime number?
True
Is 50748265 prime?
False
Is 1109653 a prime number?
True
Is 2822383 a composite number?
True
Is 2613515 a prime number?
False
Is 145886109 composite?
True
Is 4970893 prime?
False
Is 3232013 a prime number?
False
Is 19119619 composite?
True
Is 4274789 composite?
False
Is 1445657 composite?
False
Is 11001539 a prime number?
True
Is 1485047 prime?
True
Is 118974406 a composite number?
True
Is 14292181 a composite number?
True
Is 272180131 a composite number?
True
Is 69528387 a prime number?
False
Is 42228829 a composite number?
False
Is 90977837 prime?
True
Is 16654699 a composite number?
True
Is 370187911 prime?
False
Is 323101 a composite number?
False
Is 5915397 a prime number?
False
Is 4580809 a prime number?
True
Is 345313 prime?
False
Is 1383649 composite?
True
Is 2104985 prime?
False
Is 47450111 a composite number?
True
Is 1344055 prime?
False
Is 290260289 composite?
True
Is 1343123 a prime number?
False
Is 10834783 prime?
False
Is 56326393 a prime number?
False
Is 128116685 a composite number?
True
Is 124897 prime?
True
Is 9174253 prime?
False
Is 13913503 a composite number?
True
Is 16480019 a prime number?
True
Is 259880339 composite?
True
Is 54949409 a prime number?
False
Is 7557281 composite?
False
Is 546067849 a composite number?
True
Is 128282027 a composite number?
True
Is 1034983 a prime number?
True
Is 520099 a prime number?
False
Is 249923521 a prime number?
True
Is 55886899 composite?
False
Is 4485451 composite?
False
Is 4011103 a prime number?
True
Is 44509471 a composite number?
True
Is 7162733 composite?
False
Is 70809001 prime?
True
Is 1956085 composite?
True
Is 3221287 a prime number?
False
Is 520573 a composite number?
True
Is 6539957 a prime number?
True
Is 206434 composite?
True
Is 81788585 prime?
False
Is 9600679 prime?
False
Is 111086727 a composite number?
True
Is 17124181 prime?
False
Is 389507 prime?
True
Is 6615943 a composite number?
False
Is 27917447 a prime number?
True
Is 1437811 composite?
True
Is 46909181 prime?
False
Is 1201663 prime?
False
Is 8295503 prime?
True
Is 422005 prime?
False
Is 23868241 prime?
True
Is 35750849 a composite number?
False
Is 137656437 prime?
False
Is 4197478 prime?
False
Is 43561703 a composite number?
False
Is 1050031 a composite number?
False
Is 27091921 a prime number?
True
Is 20375699 composite?
False
Is 35396027 composite?
False
Is 63368047 a composite number?
True
Is 28741327 prime?
True
Is 1063586 a prime number?
False
Is 27524361 prime?
False
Is 11179271 composite?
False
Is 27471805 a composite number?
True
Is 2232317 prime?
True
Is 3386527 composite?
False
Is 1478315 composite?
True
Is 5122833 composite?
True
Is 2395889 a composite number?
False
Is 60530387 a prime number?
False
Is 22559029 prime?
True
Is 32439997 a prime number?
True
Is 776370453 prime?
False
Is 1194043 composite?
True
Is 3618137 composite?
False
Is 12898651 a prime number?
False
Is 54676127 a composite number?
True
Is 6032186 a prime number?
False
Is 131457695 composite?
True
Is 41681 composite?
False
Is 9260453 prime?
True
Is 1075561 a composite number?
False
Is 1848323 prime?
True
Is 12198217 a composite number?
False
Is 7146371 a composite number?
True
Is 31172567 prime?
False
Is 1637725911 a prime number?
False
Is 7616027 prime?
True
Is 1668923 prime?
False
Is 1359867 prime?
False
Is 974707 a prime number?
True
Is 6273151 a prime number?
True
Is 111045577 a prime number?
True
Is 20935307 composite?
False
Is 20236181 a prime number?
False
Is 2287058 a composite number?
True
Is 10583497 a composite number?
False
Is 41391751 prime?
False
Is 12013009 a composite number?
False
Is 67818299 a composite number?
True
Is 43833683 a composite number?
False
Is 440598661 composite?
True
Is 1617283 composite?
False
Is 55562527 prime?
False
Is 1645301 composite?
True
Is 41222 prime?
False
Is 8916329 composite?
False
Is 542440651 composite?
False
Is 453829 prime?
False
Is 4087801 a prime number?
True
Is 1430441 prime?
True
Is 56230817 a prime number?
True
Is 17437447 a prime number?
True
Is 32576731 a prime number?
False
Is 3429697 prime?
True
Is 77790233 composite?
False
Is 24397907 prime?
False
Is 6274799 a composite number?
False
Is 159332171 prime?
True
Is 331601 a composite number?
True
Is 274706507 a composite number?
False
Is 4585619 composite?
False
Is 14326847 prime?
True
Is 347401 a composite number?
False
Is 98074997 prime?
True
Is 307990741 a prime number?
False
Is 4318637 prime?
True
Is 441778889 composite?
False
Is 7096377 prime?
False
Is 60535429 a prime number?
False
Is 183970145 composite?
True
Is 15425437 composite?
False
Is 100151651 a composite number?
False
Is 1155845 a prime number?
False
Is 14161999 composite?
False
Is 112103777 a composite number?
True
Is 8696755 a composite number?
True
Is 56853393 prime?
False
Is 131694977 prime?
True
Is 43081373 prime?
False
Is 10173313 a prime number?
True
Is 4786531 a composite number?
True
Is 20442557 a prime number?
True
Is 40287669 prime?
False
Is 2171003 a composite number?
False
Is 1797617 composite?
False
Is 16176449 composite?
False
Is 63828031 a prime number?
True
Is 99723233 composite?
False
Is 17112883 composite?
False
Is 53018459 a composite number?
True
Is 2414119 a composite number?
True
Is 6421911 composite?
True
Is 533443811 a composite number?
False
Is 1055207 a composite number?
True
Is 883537 a composite number?
False
Is 1417573 a prime number?
True
Is 4834201 prime?
True
Is 8014261 a composite number?
False
Is 2999893 prime?
False
Is 48283877 prime?
False
Is 234449 prime?
False
Is 15456923 composite?
False
Is 157989173 composite?
False
Is 18356207 prime?
True
Is 16130189 a composit